2. Suppose -6*m + r*m + 210 = 0. What is the units digit of m + 2 + 2 + 0?
9
Suppose 1465 = 5*q + 4*k, -q + 269 = -0*k - 4*k. Suppose -h + 72 = 2*u - 75, 4*u + h = q. What is the tens digit of u?
7
Let p(d) = -d + 14. Suppose v - 10 + 0 = 0. Let s be p(v). Suppose s*t - 30 = 2*t. What is the tens digit of t?
1
Let j = -18 - 0. Suppose -10 = -4*q + 90. Let b = q + j. What is the units digit of b?
7
Suppose -3*a = -5*v + 2*a + 1440, -864 = -3*v - 3*a. Suppose -x + 5*x - v = 0. What is the units digit of x?
2
Suppose -180*m + 177*m = -3567. What is the hundreds digit of m?
1
Let w(s) = -s**2 + 12*s + 6. Let b be w(14). Let p = b - -34. Suppose -p*j = -7*j - 230. What is the tens digit of j?
4
Let q(z) be the first derivative of -z**4/4 - 2*z**3/3 + 5*z - 12. What is the units digit of q(-4)?
7
Let h be 4 + 3 + (27 - -1). Let d = h - 32. What is the tens digit of d/(-6)*2 - -20?
1
Let r be (-72)/(-16)*8/6. Suppose r*q - 38 = 220. What is the units digit of q?
3
Let r(w) be the second derivative of w**4/3 - 4*w**3/3 - 5*w**2 - 24*w. What is the tens digit of r(-4)?
8
Let p be 1*13/5 + 8/20. What is the tens digit of 4 - (-6*(-1)/p - 137)?
3
Let p(y) = y**3 + 16*y**2 + 16*y + 15. Let a be p(-15). Let r be a/3 + 10 + 3. Suppose z = 8 + r. What is the units digit of z?
1
Let w = -61 - -41. What is the tens digit of ((-7)/35*-22)/((-1)/w)?
8
Let j(v) = 253*v - 40. Let r(w) = -63*w + 10. Let m(l) = 2*j(l) + 9*r(l). What is the hundreds digit of m(-2)?
1
Let m be -1 + 3 + -2 + (-67 - 7). Let w = 36 - m. What is the tens digit of w?
1
Let t be (-4)/10 - (-21)/15. Suppose z = 3*l - 13 - t, -2*l + 16 = z. Suppose -r - 2*o + l - 5 = 0, -5*r + 4*o = -47. What is the units digit of r?
7
Suppose 3*y + 262 = 4*w, 121 = 3*w - 2*y - 75. Let s = w + 6. What is the tens digit of s?
7
Let z be ((-16)/32)/(-1 + (-1006)/(-1008)). Let m = 365 - z. What is the units digit of m?
3
Let h = 20 + -18. Let j = 74 + h. Suppose 4*g = -r - r + j, g + 142 = 3*r. What is the tens digit of r?
4
Suppose 0*m + 9 = -3*m - 3*d, 0 = 5*m + 2*d. Suppose m*n = 3*n + 7. What is the tens digit of 94/(n/((-21)/6))?
4
Suppose 3*h - 4*l = -92, -4*l - 3 + 11 = 0. Let o = 4 - h. What is the units digit of o?
2
Suppose -4*b = 5*x - 5*b - 10, 2 = x - 5*b. Suppose -6 = d + x*t, -3*d + 2*t + 37 = -3*t. What is the tens digit of (6/d)/(1/14)?
2
Suppose -5*s + 2*z + 521 = -2*s, 4*z - 155 = -s. Suppose -5*l = -s + 6. Let y = -23 + l. What is the units digit of y?
0
Let y(f) = -f + 8. Let j be y(-7). Let t be 1/(((-1)/1)/j). Let o = t - -32. What is the units digit of o?
7
Let k = -1471 + 2559. What is the thousands digit of k?
1
What is the hundreds digit of ((-230)/40)/(1/(-228))?
3
Let z(r) = r + 9. Let a be z(-7). Suppose 2 - 12 = -a*g. Suppose -g*u + 76 - 26 = 0. What is the tens digit of u?
1
Let h be ((-6)/(-9))/(8/60). Suppose -5*w + 10 + 0 = 4*i, -3*w = -6. Suppose -h*q + 2*m + 0 + 10 = i, 0 = q - 2*m + 6. What is the units digit of q?
4
What is the tens digit of ((-9)/(-6))/(29359/(-5874) + 5)?
0
Suppose -2*f + 10 = -4*b, -f + 4*f - 15 = 3*b. Let x be -2 + 1 + (17 - b). What is the tens digit of x/(((-12)/9)/(-2))?
2
Suppose 0 = -j - 44 - 11. Let z = -20 - j. What is the tens digit of z?
3
Suppose x + 79 = 193. Suppose -x = -5*p - 19. Let i = p + 12. What is the tens digit of i?
3
Let z = 17 + -15. Suppose 0 = -z*u - 3*j + 148, -2*j = u + 2*j - 84. What is the tens digit of u?
6
Let i(k) = -5*k - 4. Let m be i(-6). Suppose 0 = s - 2*q - 9, 5*s + 0*q = -4*q + 17. Suppose m = s*w - 19. What is the units digit of w?
9
Let k be 3*3/(9/48). Suppose -9 = -4*t + 3*g, -3*g + 3 = -4*g. Suppose d - 4*d + k = t. What is the units digit of d?
6
Let j = 32 + -30. Suppose 8*y - 124 = 5*y + 2*f, -j = -2*f. What is the units digit of y?
2
Suppose -3*t - 189 = 5*i, 2*i = 4*t + 261 - 9. Let s(k) = k**3 + 21*k**2 + 14*k - 24. Let x be s(-20). Let f = x + t. What is the tens digit of f?
3
Suppose 4*u = -2*u + 2178. What is the hundreds digit of u?
3
Let a = -1198 - -3286. What is the tens digit of a?
8
Suppose 5*z - 7 = -0*z + 4*k, -4*z + 3*k + 5 = 0. What is the tens digit of z/(2/(-210)) - 4?
0
Let d be 4/2*(-3991)/(-26). Let b be d - (-1 - -3) - -4. Suppose b = 5*y + 3*g, -g + 250 = 3*y + y. What is the tens digit of y?
6
Let i = -20 - -23. Suppose 2*x - 4*s - 108 = -0*x, -i*s + 54 = x. What is the tens digit of x?
5
Suppose -151 = -4*i + 609. What is the hundreds digit of i?
1
Let x(w) = w**2 + 4*w - 12. Let y be x(-6). Suppose -k + 2 = -y*k. Suppose 0 = k*d, 3*g - 34 = 3*d + 14. What is the tens digit of g?
1
Suppose -497 = -3*d - 4*r, -4*d + 33*r = 28*r - 611. What is the tens digit of d?
5
Let r = -1016 + 1561. What is the tens digit of r?
4
Let k be (-3 - 47)/((-4)/(-2)). What is the units digit of (232/(-10))/(10/k)?
8
Let t = 589 + -281. What is the hundreds digit of t?
3
Let w(u) = -u**2 + 11*u + 2. Let h be w(10). Suppose h = 3*r + 15. What is the units digit of (-6)/2 + (r - -43)?
9
Let h(w) = -w - 3. Let n(b) = -4*b - 9. Let j(c) = -7*h(c) + 2*n(c). Suppose -d - 20 = 4*p + 3, -5*p - 2*d - 28 = 0. What is the units digit of j(p)?
9
Suppose -3*s - 195 = -1068. What is the units digit of s?
1
Let r = -51 + 206. What is the units digit of r?
5
Let l be -7*1*((-2 - -5) + -4). Suppose -11*m + 60 = -l*m. What is the units digit of m?
5
What is the units digit of (6/(84/10423))/(1/2)?
9
Suppose -4*w + 5*k = -w - 533, 5*k = -w + 211. What is the units digit of w?
6
Suppose -3*h + 4*h - 21 = 0. Let z(c) = -4*c - 6 - 9 + 16 + h. What is the tens digit of z(-6)?
4
Let t = -1307 + 1870. What is the tens digit of t?
6
Let a(w) = 23*w + 9. Let r be a(-2). Let o = -36 - r. What is the tens digit of 3017/42 + o/6?
7
Suppose 0 = -49*w + 7109 + 4504. What is the tens digit of w?
3
What is the units digit of (-7 - -40) + (2 - -1)?
6
Let p = 1120 - 604. Suppose -x - 3*x = p. What is the units digit of 5/25 + x/(-5)?
6
Let t(a) = -9*a - 10. Let h = -19 + 24. Suppose h*f = -17 - 18. What is the tens digit of t(f)?
5
Let r(q) = 90*q + 150. What is the hundreds digit of r(4)?
5
Let t = -1644 + 2447. What is the units digit of t?
3
What is the tens digit of 20/4 + 156 - 5?
5
Suppose 0 = 474*j - 446*j - 1120. What is the tens digit of j?
4
Let w(y) = -2*y + 19. Let v = 36 + -36. Suppose -16 + v = -2*z. What is the units digit of w(z)?
3
Suppose s + 24 = -5*h - 2, 5 = 5*h. Let r = s + 31. Suppose -5*w + 15 = -r*w. What is the units digit of w?
3
Let w = 809 + -577. What is the units digit of w?
2
Suppose -5*r = -0*r + 20, -2*r = 4*c - 100. Let s = -17 + c. What is the units digit of s?
0
Suppose y + 4*y + 3*r - 3467 = 0, -5*y + 3*r + 3473 = 0. What is the hundreds digit of y?
6
Let i(c) = 2*c**3 - 67*c**2 + 114*c - 56. What is the tens digit of i(33)?
1
Suppose -33 = -2*a - 25. Suppose -3*m + 90 = z, -9*z = -a*z + m - 394. What is the units digit of z?
8
Let p(c) = 4 - 17 + 1 - 27*c. Let s be p(-8). What is the tens digit of 2/(-3)*s/(-4)?
3
Let d(f) = -3*f + 116. What is the units digit of d(-13)?
5
Let i = -9 + -78. Let f = 17 + i. Let d = f + 113. What is the units digit of d?
3
Suppose -5*h = 20, 6662 + 6334 = 4*d - 4*h. What is the tens digit of d?
4
Let c(t) = 17*t**3 - 2*t + 1. Let g(w) = w**3 - 2*w**2 + 3*w - 1. Let u be g(1). Let i be c(u). Suppose 2*y = -2*y + i. What is the units digit of y?
4
Suppose -3 = -2*j + 3*a, 3*j - 3*a - 2 = -a. Suppose -d - 2*d + 96 = j. Suppose d + 10 = 3*v. What is the units digit of v?
4
Let i(c) = -c**3 + c**2 - 3. Let o = 52 + -55. What is the units digit of i(o)?
3
Let a = 40 - -43. Suppose -61 = -2*t + a. What is the units digit of t?
2
Suppose 0 = -5*g - 10, 0 = 2*m - 3*m + 5*g + 12. Let a = 5 + m. Let r(u) = -u**2 + 11*u + 5. What is the units digit of r(a)?
3
Let g = 3 - 1. Suppose v - g*f = 76, -295 = -4*v - f - 0*f. What is the units digit of v?
4
Let y(z) = -6*z**3 - z**2 + z + 5. Let f = -9 - -7. What is the units digit of y(f)?
7
Let d(v) = -4*v**3 + 2*v**2 + 2*v + 1. Let t be d(-1). Suppose 100 = -t*w + 10. What is the units digit of (-2568)/(-108) - 4/w?
4
Suppose 0 = -t + 214 - 16. What is the tens digit of t?
9
Let z be (-22)/(-6) + 6/(-9). Let q be 13 + (-2 - 4) + z. Let i(o) = -o**2 + 12*o - 10. What is the units digit of i(q)?
0
Let o be 3*((1 - -365) + 5). Suppos